*a - 21115, -3*y + 4*a = -72599. Is y composite?
False
Suppose 3*d + 0*d = 1023. Let s = -1219 - -1747. Let m = s - d. Is m composite?
True
Let k(z) = 10*z + 19. Let x(d) = -d**2 - 10*d - 20. Suppose -9 = -7*m - 51. Let q be x(m). Is k(q) a prime number?
True
Is (-39)/(-15) + -3 + (1122132/30 - 7) composite?
False
Let h(u) = 22987*u**2 - 3*u - 22. Let w be h(-4). Suppose 13*f - w = -103661. Is f prime?
False
Suppose -51*o + 44*o = 0. Suppose -6*r + 5580 + 6738 = o. Is r composite?
False
Let t(i) = 16*i**3 - 17*i**2 + 18*i - 78. Let d(x) = -9*x**3 + 8*x**2 - 9*x + 39. Let k(g) = 5*d(g) + 2*t(g). Is k(-8) a composite number?
False
Suppose 0 = 21*o - 17*o - 3*k - 434615, -o - 4*k = -108649. Is o a prime number?
False
Let h be ((-25182)/(-15) - 0)*50/20. Is h - -6 - (-4)/2 - 4 prime?
True
Suppose -755*o = -747*o - 46264. Suppose 2*b + h = 6196, 0 = 4*b + 4*h - o - 6613. Is b prime?
False
Let p(f) = -f**3 + 161*f**2 - 238*f + 563. Is p(-67) a composite number?
True
Let j = -4057 - -10254. Is j a prime number?
True
Let g(w) = w**2 - 21*w - 238. Let z be g(-9). Suppose 42727 + 179449 = z*b. Is b a composite number?
True
Suppose -4*o + 107720 = -c, -203*c - 53862 = -2*o - 202*c. Is o prime?
False
Let s = 23164 + 81. Is s a composite number?
True
Let h be (-514)/12*-28*3. Suppose 3*j = w - 226 - 539, -4*j + 2295 = 3*w. Let m = h - w. Is m prime?
True
Let t(h) = 79*h + 178. Is t(67) a prime number?
True
Let m(i) = -10*i**2 + 13*i + 13. Let c be m(-1). Let d(o) be the third derivative of -25*o**4/8 - 31*o**3/6 + 3*o**2. Is d(c) a composite number?
False
Let i(u) = -2*u**2 + 58*u - 110. Let p be i(29). Let q = -57 - p. Is q a composite number?
False
Let m be (-135)/60*16/6. Let x(v) = 3*v**2 + 2*v**3 - 9*v + 13 - 3*v**3 + 0*v**3. Is x(m) composite?
True
Let y(c) = -92*c**3 - 3*c**2 + 6*c - 4. Let h be y(-3). Suppose 3*d = -2*d - h. Let j = 1110 + d. Is j a composite number?
True
Let k(c) = 7*c**2 - 40*c + 374. Is k(8) a composite number?
True
Suppose 26*g = 195*g - 166520939. Is g composite?
False
Suppose 7 + 13 = 5*g. Suppose 4*m = -f - 11, 5*f - g*m = -0*f + 41. Is (-2)/f + 205338/70 a prime number?
False
Let t(s) = 202*s**2 - 613*s + 3. Is t(23) a composite number?
True
Let j be 6*(-12)/(-27)*27/36. Suppose j*r = -2*a + 12924, 13*r + 6454 = a + 12*r. Is a a composite number?
True
Is (-53 - -57)*86218/12 - 5/(-3) a composite number?
True
Let c = -136 - -145. Suppose c = -3*t, -3*u = -3*t - 0*t - 18. Suppose -5*j = 2*w - 1523, -4*w + 0*j + u*j = -2981. Is w a prime number?
False
Suppose 3*y = -2*y - 8*y. Suppose -4*n - 8 + 0 = y, -5*n + 977 = 3*w. Is w prime?
False
Let z(s) = 5*s**2 + 28 + 0*s**3 - s**3 + 4*s - 20. Let k be z(6). Is ((-58)/k)/((-1374)/276 - -5) a prime number?
False
Suppose 9*l + 37 - 55 = 0. Suppose l*n = 8526 - 1616. Is n composite?
True
Let u(t) = 73*t + 818. Is u(-7) a composite number?
False
Suppose 2*u - 1913010 = 10*l, 28*u - 2*l - 2869463 = 25*u. Is u composite?
True
Suppose -92*u = -113*u - 233107 + 5070730. Is u prime?
False
Let w(o) = -o**2 - 14*o + 17. Let z be w(-15). Suppose -4*a + 4*j + 3188 + 13680 = 0, -z*a = 3*j - 8444. Is a composite?
False
Let i(f) be the third derivative of -f**6/120 - 31*f**5/60 + 37*f**4/24 - 65*f**3/6 + 127*f**2 - 2. Is i(-42) prime?
False
Let h be ((-164)/(-6))/(10/(-15)). Let d = 48 + h. Suppose 11*a - d*a = 9748. Is a a composite number?
False
Let s(m) = 471*m**2 - 96*m - 154. Is s(25) a prime number?
False
Let v be -1 - 204/8*-18. Suppose j - 8*l - v = -13*l, 1904 = 4*j + 2*l. Is j a composite number?
True
Suppose 164*t + 24906970 = 186*t. Is t a prime number?
False
Let w(t) = -1149*t - 78. Let o be w(-17). Suppose 0 = -n - 4*s + o, 0 = -3*n - 0*n + 3*s + 58335. Is n prime?
True
Let r = -469147 + 659367. Suppose h = -19*h + r. Is h prime?
True
Let x(r) = 1625*r**2 - 77*r - 769. Is x(-17) a composite number?
True
Let c(o) = 7*o**2 + 22*o + 3 - 5*o + 0*o - 11*o**3 - 9*o. Suppose -3 = -2*g - 13. Is c(g) prime?
False
Let l(b) = -3*b**2 + 31*b - 26. Let k be l(12). Let w = 183 + k. Is w a prime number?
True
Suppose -6*x = -4*x + 5*b - 321857, 5*b = x - 160936. Is x prime?
False
Let i(m) = -96339*m + 3078. Is i(-5) composite?
True
Let q be (480/96)/(1*-1). Let k(d) = -346*d - 139. Is k(q) a prime number?
False
Let s(g) = 0*g + 37*g + 120*g + 61 + 12*g. Is s(4) composite?
True
Let x(k) = 1590*k**2 - 12*k + 1. Let i be x(-4). Suppose -6*y + 34157 + i = 0. Is y a prime number?
True
Let z be 3/1 - (22 + (-1 - -4)). Is (4/z - (-48910)/22) + -2 composite?
False
Is (-30704805)/(-36) + (-280)/(-160) a composite number?
False
Let w be ((-28)/(-21))/(1/12). Suppose 0 = -2*r - 4*s + w, 2*s - 4 = -r + 2*r. Suppose 0 = -r*d - 4*z + 1042, d + 4*z = -4*d + 2593. Is d composite?
True
Let n be (-11 - (-2 + -3))*(-1)/2. Suppose 0*t + 3*o = -t + 2300, -3*t + n*o = -6960. Is t prime?
False
Let l(j) = 142*j + 15. Let b be (-7 - 1272/(-18)) + (-2)/3. Suppose 6*x - b = -3*x. Is l(x) a composite number?
False
Suppose -5*m = -9*m - 32. Let b(f) = f**2 - 12*f - 2. Is b(m) a composite number?
True
Suppose 6 = 4*c - 6*c. Let k be c/5 + (9252/(-30) - -1). Is (k + 2/2)*2/(-2) a prime number?
True
Suppose 3*v = -3 - 0, v = -k + 412332. Is k composite?
False
Suppose -5*z = -3*d + 293 + 286, -5*d + 4*z + 991 = 0. Is d prime?
False
Let p be -3 + 38*1/2. Suppose 5*q = 20, p = -5*a + 2*q + 2*q. Suppose a = m - 269 - 24. Is m a prime number?
True
Suppose -1947 = -2*c + 3*z, 3*z = 5*c - 7326 + 2445. Suppose 142*a = 148*a - c. Is a composite?
False
Let w(o) = o**2 - 13*o + 7. Let l be w(13). Suppose l*v - 22*v + 79815 = 0. Is v a composite number?
True
Let t(z) be the first derivative of -3*z**2/2 - 21*z - 16. Let o be t(-8). Suppose 9*q = o*q + 2802. Is q a composite number?
False
Suppose q = -35*x + 38*x + 1135084, 3*q = -4*x + 3405239. Suppose -176360 = 19*a - q. Is a a prime number?
True
Suppose -1421*l + 1472*l = 54985701. Is l composite?
False
Is (-483830)/4*(-27)/(2835/966) a prime number?
False
Let j be (-8)/(-80)*0 - 10712/(-2). Suppose 3*c - j = -2*g, 5*g - 2*c = -4*c + 13401. Is g a composite number?
True
Suppose 0 = -3*t - 0 + 12, s + 3*t - 21 = 0. Let r(f) = 8*f**3 - 16*f**2 + 38*f - 17. Is r(s) a composite number?
False
Let u be (35/20 - (-2)/8) + 0. Is (1 - u*2)/(288/(-12192)) a prime number?
True
Suppose -10*z = -2*z - 24. Suppose 0 = -5*j - 4*g - 4 + 18, 0 = -z*g + 3. Suppose -4*n + 1386 = 2*l, 0 = -2*l + j*n + 1999 - 637. Is l prime?
False
Let i(s) = -s**3 - 6*s**2 - 7*s + 10. Let h = 78 - 82. Let l be i(h). Is 198 - (-3 + l) - -4 a composite number?
False
Is ((-44)/(-60) + (-45)/(-75))/(12/977679) a prime number?
True
Is 100441 - (247 - 235)*((-2)/(-1))/(-4) a prime number?
True
Let w(r) = -927*r**3 + 12*r**2 + 29*r + 78. Is w(-4) prime?
False
Suppose 2*d + 22 = -16. Is 137880/152 + 2/d composite?
False
Suppose -38 + 6 = -16*h. Is (15/(-45))/(h/(-4302)) + 1 composite?
True
Suppose -98*p + 119*p - 238576 = -78325. Is p prime?
False
Suppose 5*h = -3*i + 1423647, -284725 = -h + 16*i - 21*i. Suppose 40*j - 10*j - h = 0. Is j prime?
True
Suppose 1132572 - 5010075 = -21*a. Is a composite?
True
Let t = 134 - 104. Is (13256/(-20))/(t/(-75)) a prime number?
True
Suppose 284*p - 21663408 - 121007686 - 9049942 = 0. Is p prime?
True
Let g be 6/4 + 84/24. Suppose -576 = -4*i - g*n, 2*n + 749 = 5*i + n. Is i composite?
False
Let a = 83 - 81. Suppose 6 = 2*y - 4*g, -g = -y - a*g + 6. Is (-1 + 791)/y - (2 + -3) a prime number?
False
Let u = -110 + 116. Let g(d) = 94*d - 43. Is g(u) composite?
False
Let s(r) = -r**3 + 8*r**2 + r - 2. Let o be s(8). Let m be 3 - 3/o*2. Suppose -506 + 1273 = d + m*p, 2296 = 3*d + 5*p. Is d prime?
True
Let o = -2548 - -5963. Is o prime?
False
Suppose 14*x - 1012001 = 689321. Is x a prime number?
True
Let b(w) = w**3 - 9*w**2 + 2*w - 15. Let j be b(9). Suppose -o + 3*v = -12, -4*v = j*o - v + 12. Let k(t) = t**3 - t**2 + t + 161. Is k(o) a prime number?
False
Let q(n) = -20*n - 5. Let z be q(-7). Let u(m) = 43*m**3 + 4*m**2 - 3*m. Let t be u(2). Let l = t + z. Is l a composite number?
True
Suppose 44*x - 130*x = -10234. Is x a prime number?
False
Let j = -5180 - -5179. Suppose g + 0 - 3 = -3*r, r - 2*g - 1 = 0. Is (-1)/j - (-3510)/(4 - r) prime?
True
Let n(b) = -141*b - 3. Let f be n(-4). Suppose f = 